of 4749353192?
2, 2801, 211949
What are the prime factors of 544084610?
2, 5, 54408461
What are the prime factors of 3676635589?
11, 79, 263, 16087
List the prime factors of 60906796.
2, 15226699
What are the prime factors of 3748147173?
3, 416460797
List the prime factors of 277685061.
3, 1153, 80279
What are the prime factors of 1331153608?
2, 166394201
What are the prime factors of 104513949?
3, 317, 12211
What are the prime factors of 82844804?
2, 7, 23, 197, 653
What are the prime factors of 84780489?
3, 19, 78283
What are the prime factors of 466205507?
8699, 53593
List the prime factors of 522298125.
3, 5, 19, 181
List the prime factors of 100472232.
2, 3, 7, 598049
What are the prime factors of 1821481479?
3, 163, 413879
List the prime factors of 342335504.
2, 7, 97, 31511
List the prime factors of 124523984.
2, 13, 59, 73, 139
List the prime factors of 2751830517.
3, 917276839
List the prime factors of 993525361.
61, 211, 77191
List the prime factors of 68473693.
68473693
What are the prime factors of 166426665?
3, 5, 2311, 4801
What are the prime factors of 2282137239?
3, 17, 449, 99661
What are the prime factors of 47878250?
2, 5, 7, 109, 251
List the prime factors of 760980371.
760980371
What are the prime factors of 386104971?
3, 7, 18385951
What are the prime factors of 256097840?
2, 5, 29, 167, 661
List the prime factors of 113388083.
41, 379, 7297
List the prime factors of 318593455.
5, 63718691
What are the prime factors of 2209147216?
2, 138071701
What are the prime factors of 105649386?
2, 3, 19, 79, 11731
List the prime factors of 96204367.
7, 13743481
List the prime factors of 4881859.
4881859
List the prime factors of 88200650.
2, 5, 1764013
List the prime factors of 173792092.
2, 157, 276739
What are the prime factors of 6207436857?
3, 19, 23, 1997, 2371
What are the prime factors of 49397062?
2, 11, 13, 172717
List the prime factors of 15947657.
11, 61, 23767
List the prime factors of 10231020.
2, 3, 5, 113, 503
List the prime factors of 11521498.
2, 5760749
What are the prime factors of 62317691?
73, 853667
What are the prime factors of 6503903964?
2, 3, 41, 139, 10567
What are the prime factors of 321838627?
11, 29258057
List the prime factors of 1498285659.
3, 13, 37, 383, 2711
List the prime factors of 2180939946.
2, 3, 363489991
What are the prime factors of 102540755?
5, 101, 203051
What are the prime factors of 28664225?
5, 1146569
What are the prime factors of 519428130?
2, 3, 5, 13, 673, 1979
List the prime factors of 890018059.
7, 1303, 97579
List the prime factors of 823270944.
2, 3, 8575739
What are the prime factors of 21892278?
2, 3, 41, 88993
List the prime factors of 3522128928.
2, 3, 36688843
What are the prime factors of 5953560800?
2, 5, 11, 29, 41, 569
What are the prime factors of 1274620302?
2, 3, 23, 449, 6857
What are the prime factors of 16855219?
53, 318023
What are the prime factors of 55408407?
3, 331, 55799
What are the prime factors of 2207634041?
283, 7800827
List the prime factors of 128360814.
2, 3, 1487, 14387
List the prime factors of 683561599.
7, 97651657
What are the prime factors of 119541484?
2, 17, 1757963
List the prime factors of 12990595.
5, 2598119
What are the prime factors of 1299506090?
2, 5, 97, 163, 8219
What are the prime factors of 138809447?
7, 19829921
What are the prime factors of 81043210?
2, 5, 151, 191, 281
What are the prime factors of 925176947?
925176947
What are the prime factors of 24661654?
2, 12330827
What are the prime factors of 5700600468?
2, 3, 1783, 88811
List the prime factors of 906495675.
3, 5, 17, 710977
What are the prime factors of 280285622?
2, 6521, 21491
What are the prime factors of 14529889?
11, 19, 3659
What are the prime factors of 9451388208?
2, 3, 4091, 48131
What are the prime factors of 30490842?
2, 3, 5081807
List the prime factors of 2965900855.
5, 19, 101, 309109
List the prime factors of 8649855361.
7, 43, 28737061
List the prime factors of 8686531.
7, 83, 14951
List the prime factors of 1133415904.
2, 47, 107, 7043
List the prime factors of 4772718635.
5, 17, 47, 53, 22541
What are the prime factors of 53113163?
41, 631, 2053
What are the prime factors of 5209966087?
29, 251, 715753
List the prime factors of 42910603.
31, 43, 32191
List the prime factors of 3122438184.
2, 3, 53, 818249
What are the prime factors of 1227984342?
2, 3, 13, 37, 463, 919
What are the prime factors of 576605174?
2, 419, 688073
What are the prime factors of 1766329053?
3, 17, 19, 1822837
List the prime factors of 72947692.
2, 41, 444803
List the prime factors of 1450621957.
1450621957
What are the prime factors of 174622876?
2, 31, 599, 2351
List the prime factors of 1211362802.
2, 13, 89, 523493
What are the prime factors of 9256733993?
13, 9817, 72533
List the prime factors of 212575684.
2, 17, 29, 373
List the prime factors of 219688837.
101, 113, 19249
What are the prime factors of 101690898?
2, 3, 73, 232171
What are the prime factors of 246018430?
2, 5, 7, 3514549
What are the prime factors of 162153161?
162153161
List the prime factors of 32129030.
2, 5, 1123, 2861
List the prime factors of 69985160.
2, 5, 7, 249947
What are the prime factors of 3766435041?
3, 1255478347
List the prime factors of 854274269.
854274269
List the prime factors of 18623212.
2, 149, 31247
What are the prime factors of 1261451368?
2, 157681421
What are the prime factors of 265094059?
79, 3355621
List the prime factors of 3341803988.
2, 1259, 663583
What are the prime factors of 710684663?
13, 251, 353, 617
What are the prime factors of 160314200?
2, 5, 801571
List the prime factors of 686115826.
2, 11, 43, 101, 167
What are the prime factors of 67271168?
2, 83, 1583
List the prime factors of 3007676197.
3007676197
List the prime factors of 102878521.
19, 191, 28349
What are the prime factors of 516162700?
2, 5, 821, 6287
What are the prime factors of 7740766635?
3, 5, 7, 1657, 44491
What are the prime factors of 342704417?
11, 31154947
What are the prime factors of 385970957?
385970957
List the prime factors of 3977546775.
3, 5, 53033957
What are the prime factors of 165756091?
165756091
What are the prime factors of 716058909?
3, 19, 4187479
What are the prime factors of 142008077?
142008077
What are the prime factors of 734374625?
5, 53, 110849
List the prime factors of 2523051992.
2, 5227, 60337
What are the prime factors of 473738829?
3, 73, 127, 17033
List the prime factors of 2075084085.
3, 5, 138338939
What are the prime factors of 988674678?
2, 3, 17, 3230963
What are the prime factors of 112161196?
2, 7, 572251
List the prime factors of 568501112.
2, 71062639
What are the prime factors of 351379486?
2, 29, 277, 21871
What are the prime factors of 2057870507?
7, 11, 3061, 8731
List the prime factors of 52296907.
13, 31, 129769
What are the prime factors of 79365521?
5347, 14843
What are the prime factors of 3927986165?
5, 785597233
What are the prime factors of 209314141?
29, 73, 98873
List the prime factors of 52489346.
2, 7, 13, 288403
List the prime factors of 10317589.
17, 19, 1879
What are the prime factors of 236942771?
13, 43, 423869
What are the prime factors of 316488989?
316488989
What are the prime factors of 23365131?
3, 109, 71453
List the prime factors of 87423640.
2, 5, 653, 3347
What are the prime factors of 71545659?
3, 19, 1255187
List the prime factors of 1253360015.
5, 37, 107, 63317
List the prime factors of 2348700995.
5, 61, 7700659
List the prime factors of 4222235070.
2, 3, 5, 46913723
List the prime factors of 4434490052.
2, 17, 65213089
What are the prime factors of 12662433?
3, 7, 17, 563
What are the prime factors of 403077942?
2, 3, 211, 106129
List the prime factors of 1289741749.
22921, 56269
List the prime factors of 80456193.
3, 479, 6221
List the prime factors of 44168396.
2, 43, 491, 523
What are the prime factors of 36101789?
23, 1569643
List the prime factors of 8531300203.
34939, 244177
What are the prime factors of 228745347?
3, 8269, 9221
What are the prime factors of 1921221970?
2, 5, 23, 991, 8429
What are the prime factors of 28163106?
2, 3, 521539
List the prime factors of 51218067.
3, 3001, 5689
List the prime factors of 280236005.
5, 7, 241, 33223
What are the prime factors of 41838322?
2, 20919161
What are the